- 2*a. Let d be (4/(-12))/((-1)/21). What is the greatest common divisor of d and x?
7
Suppose 3*v = 12 + 6. Let a = v + -2. Let k be ((-2)/(-4))/(a/680). What is the highest common divisor of 34 and k?
17
Suppose -6*r - 575 = -5*g - 3*r, 0 = -2*g - 5*r + 199. Let v = -8 - -22. What is the greatest common factor of v and g?
14
Let t(q) = 108*q. Let c be t(-1). Let p = -36 - c. What is the highest common factor of p and 8?
8
Let h be 28/3*(-6)/(-4). Suppose 5*f - 30 = -0*f. Let l be ((-112)/f)/(3/(-18)). Calculate the highest common factor of h and l.
14
Suppose -4*w = -3*v + 19, -5*w + 4*v + 0*v - 25 = 0. Let m = w + 5. Suppose 4*x - 52 - m = 0. What is the greatest common divisor of x and 112?
14
Suppose 120 = 3*i - i. Suppose -o + 12 = -0. What is the greatest common factor of i and o?
12
Let n = -17 - -42. Calculate the greatest common factor of 275 and n.
25
Suppose 5*z - 20 + 125 = 0. Let s = z - -36. What is the highest common divisor of s and 5?
5
Let j = -8 - -8. Let c = 9 - j. Suppose -c*q + 4*q = -80. What is the highest common factor of 144 and q?
16
Let x(g) be the first derivative of 3*g**2/2 + 2*g - 1. Let f be x(2). What is the highest common factor of 12 and f?
4
Let h(c) = -c + 26. Let a be h(7). What is the highest common factor of 57 and a?
19
Suppose -5 - 3 = -c - 4*s, 1 = -4*c - 5*s. Let d be c/(-12) - 44/(-3). What is the greatest common factor of d and 135?
15
Let w be 7/(14/52) + 1. Calculate the greatest common divisor of 3 and w.
3
Let l be 1*(-3)/9*-3. Suppose -2*w + 7 + l = 0. Suppose -6 = -3*f, 0*f + 368 = 3*h + w*f. Calculate the greatest common divisor of 15 and h.
15
Let h be (-5)/2*(-6 + 2). Let d be 8/40 + 238/h. Calculate the greatest common factor of 3 and d.
3
Suppose -5*r = -f + 198, -3*r - 5*f = -r + 90. Let g = -17 - r. What is the highest common factor of 253 and g?
23
Let l(j) = -19*j - 1. Let f be l(-1). What is the highest common factor of f and 45?
9
Let t = -8 - -36. Suppose 4 = 6*y - 20. What is the highest common factor of t and y?
4
Suppose 0 = 5*b - w - 174 - 143, -4*b + 247 = -3*w. Let u be (72/27)/((-1)/(-3)). Calculate the greatest common divisor of b and u.
8
Let i(r) = -r**3 - 4*r**2 + 6*r + 6. Let f be i(-5). Suppose f = -4*b + 9. Let o = 7 - 4. Calculate the greatest common divisor of b and o.
1
Let m be ((-15)/(-2))/((-3)/(-4)). Calculate the highest common divisor of 110 and m.
10
Let w = 11 - -2. Let n be 3*(w - -1)/2. What is the greatest common divisor of n and 231?
21
Let j(f) = -f**2 + 51. Let i be j(0). Calculate the highest common divisor of i and 17.
17
Suppose -u + 0*u + 188 = 0. Suppose -2*t + u = -0*w + 2*w, 0 = t - 4*w - 74. What is the highest common divisor of 10 and t?
10
Let m = 11 + -16. Let b(s) = 2*s**2 + 7*s + 1. Let p be b(m). Let h be (36/p)/(3/16). Calculate the highest common factor of 4 and h.
4
Let r be 27/(-12)*24/9. Let v = 10 + r. Let k be ((-60)/35)/(2/(-14)). What is the highest common factor of k and v?
4
Let u(c) = -c**2 - 15*c - 44. Let q be u(-7). Suppose 4*d - 6 - 6 = 0. Suppose 0*t = -d*t + 252. Calculate the highest common divisor of t and q.
12
Suppose 7*s - 63 = -0*s. Calculate the highest common factor of 36 and s.
9
Let q(u) = u**3 - 22*u**2 + 23*u - 40. Let w be q(21). Calculate the highest common divisor of w and 4.
2
Suppose 0*n - 4*n - 3*x + 208 = 0, -156 = -3*n + 3*x. What is the highest common divisor of n and 130?
26
Let s be (-5)/((-40)/(-12))*-2. Let l(r) = 2*r**2 - 3*r - 1. Let j be l(s). Calculate the highest common divisor of j and 56.
8
Let i = -4 - -10. Let h(b) = -21*b - 27. Let q be h(-3). Calculate the greatest common divisor of i and q.
6
Let i(u) = -2 + 2*u + 3*u**2 - 4*u**2 + 2*u**2. Let p be i(-3). Calculate the greatest common divisor of p and 1.
1
Let r(w) = 2*w**2 + 2*w + 7. Let k be r(6). Let m be 1/(-2 + (-27)/(-13)). Calculate the greatest common factor of k and m.
13
Let s be (-1)/(-3)*-2*-3. Suppose 0 - 4 = -w, -2*o - 4*w + 12 = 0. Let g be s + o + -1 + 27. What is the greatest common factor of g and 65?
13
Suppose -299 = 5*t + 201. Let o be 1/3 + t/(-15). Calculate the highest common factor of o and 77.
7
Suppose -20 = -4*z + 2*z. Suppose -290 + 200 = -9*s. What is the greatest common divisor of z and s?
10
Suppose -4*k - 1 = 4*t - 13, -t = -2*k + 3. Suppose 38 = k*q - 4. Calculate the highest common divisor of q and 231.
21
Let b(n) = -n**3 + 5*n**2 - 3*n - 3. Let j be b(3). Let w = -2 - -4. Suppose d - 45 = -w*d. What is the highest common factor of d and j?
3
Suppose 3*s - 8*s + 10 = 0, 2*z = 4*s + 4. Let u be (-8)/6*(-63)/z. What is the greatest common factor of u and 42?
14
Suppose 37*q = 41*q - 160. What is the highest common factor of 160 and q?
40
Suppose t - 4*r + 4 = -11, 0 = -5*t + 3*r - 41. Let a be (3 + t)/((-4)/30). Let n = 75 - 60. Calculate the greatest common divisor of n and a.
15
Let l = 5 + -6. Let m be 2 + 1 + l + 46. What is the highest common divisor of 12 and m?
12
Let u(p) = p**2 + 17*p + 39. Let z be u(-18). What is the highest common divisor of 19 and z?
19
Let f(n) = -1 + 2 - 6*n - 25*n. Let v be f(-2). Let x = 331 + -324. What is the greatest common divisor of v and x?
7
Suppose -21 = -4*j + 5*b + 12, b - 63 = -5*j. Suppose 3*r - r = 16. Let w be (84/(-2))/((-4)/r). Calculate the greatest common divisor of j and w.
12
Let g(s) = 4*s**3 + 2*s**2 - 6*s - 5. Let d be g(4). What is the greatest common factor of d and 37?
37
Suppose 4*y - 2 - 6 = 0. Let g = 1 + 1. Calculate the highest common divisor of g and y.
2
Let n be ((-6)/(-10))/((-3)/15). Let o be n + 27*4/6. What is the highest common divisor of 60 and o?
15
Let b(k) = 3*k - 3. Let c(x) = 4*x - 3. Let v(q) = -3*b(q) + 2*c(q). Let p be v(-2). Calculate the greatest common divisor of 35 and p.
5
Suppose 4*l = l + 3, -3*a - 3*l + 63 = 0. Let f be a/(1 - -1)*2. Let z = 6 - 2. What is the greatest common factor of f and z?
4
Suppose 2*t - 130 = 24. What is the greatest common divisor of t and 22?
11
Let b be (29/1 + 4)/1. Calculate the greatest common divisor of 3 and b.
3
Suppose 5*f + 3*k - 95 = 0, 52 = 5*f - 3*f + 4*k. Calculate the highest common factor of f and 96.
16
Let s = 11 + -6. Suppose s*z - 99 = 141. What is the highest common factor of 12 and z?
12
Let z = -30 + 44. What is the greatest common factor of 70 and z?
14
Let p(w) = 12*w**2 - w - 2. Let l be p(-2). Calculate the highest common factor of 12 and l.
12
Let j = 2 + 2. Suppose 2*i + 5*v - 10 = -2*i, -2*i + 5*v = -20. Let n be (i/2 + -3)*-16. Calculate the highest common factor of j and n.
4
Let y(u) = 5*u - 4. Let v be y(4). Suppose -2*l + 144 = 4*q, -3*q + 4*q - 76 = -l. What is the greatest common factor of l and v?
16
Let x be (27 + -1)/(3 + -1). Let r = -8 + x. Let f be r + 0 - (-1 - -3). Calculate the greatest common factor of f and 9.
3
Let c(q) = 3*q - 13. Let g be -2 + 13*(2 + -1). Let n be c(g). Suppose -22 = -o + f, -5*o - f + 25 + 73 = 0. Calculate the greatest common factor of n and o.
20
Let t be (-2)/8 - 39/4. Let x be ((-32)/t)/(1/5). Calculate the highest common factor of x and 24.
8
Let o be (-5)/((-50)/(-108))*(-170)/51. Calculate the highest common divisor of o and 288.
36
Suppose 0 = 3*l - 4 - 11. Suppose -2*k - l*x = 1, 0 = -5*k - 4*x + x + 45. Let m be (-6)/(-21) - k/(-7). What is the greatest common factor of m and 22?
2
Let y = -33 + 73. Suppose 5*n - g - g - 54 = 0, -n = 5*g. Calculate the highest common factor of n and y.
10
Suppose 4*l = -203 - 281. Let y = -82 - l. Suppose 4*r - 24 = 28. Calculate the highest common factor of y and r.
13
Let y = 1 - -2. Suppose -4*b + 3*v = -17, 2*b + y*v = -1 - 4. Suppose 2*f + x - 15 = 0, -2*f + b = -x - 3. Calculate the greatest common factor of 20 and f.
5
Let l be 4/10 - (-1569)/15. Calculate the highest common factor of 15 and l.
15
Suppose -2*j + 22 = 5*h, -2*j + 12 + 2 = 3*h. What is the greatest common factor of 32 and h?
4
Suppose 2*h + 2*g - 6 = 0, g + 0*g + 1 = 0. Suppose -4*x + 5 = 2*n - 3*x, -5*n + 2*x = -17. Suppose -9 - n = -q. What is the greatest common factor of h and q?
4
Let p be 150/4 - (-39)/26. Let f = 21 - -5. Calculate the greatest common factor of f and p.
13
Let g = 3 + 12. Suppose 0*p = p + 5*c + 15, -12 = 4*c. Suppose p*u + 2*u - 60 = 0. What is the greatest common factor 